base 3, what is -1 + 10111110201100100?
10111110201100022
In base 14, what is 78c9 + 119a?
8a85
In base 9, what is 1438 + 1211417?
1212856
In base 9, what is 33608 + 846?
34555
In base 4, what is -1200112223 - 1001?
-1200113230
In base 8, what is 155101 - 105?
154774
In base 16, what is -10ed4 - -1fb?
-10cd9
In base 7, what is -35 - 1004304?
-1004342
In base 12, what is 120a76 - 14?
120a62
In base 15, what is -50c - -bcbc?
b7b0
In base 9, what is 25257 - -848?
26216
In base 5, what is -3412440 + -22023?
-3440013
In base 6, what is 5042 - -5111321?
5120403
In base 11, what is -11a7 - 434a0?
-44697
In base 7, what is 135165 + -106?
135056
In base 3, what is 22002121 - -2002002?
101011200
In base 4, what is -2000031 - -12203123?
10203032
In base 10, what is 2 - -2649381?
2649383
In base 5, what is -11204034 + -2444?
-11212033
In base 7, what is 42245 + -4653?
34262
In base 16, what is 1205a + -32?
12028
In base 16, what is -51 - -4254d?
424fc
In base 7, what is 560036201 + 13?
560036214
In base 9, what is 2735 + -125313?
-122467
In base 2, what is 101 + 101111000111000111011?
101111000111001000000
In base 10, what is -1211 - 1059?
-2270
In base 13, what is -23c7 - 8a61?
-b158
In base 13, what is 115 - -1914b2c?
1914c44
In base 3, what is -1221202100 - -11111021?
-1210021002
In base 7, what is 10025245 + -222?
10025023
In base 5, what is 30 + -104441220?
-104441140
In base 7, what is 2213 - -56344?
61560
In base 14, what is -34b753 - -a?
-34b747
In base 5, what is -3 + -20434420200?
-20434420203
In base 2, what is -11000100110 + -10110111011?
-101111100001
In base 12, what is -43 - -b2b?
aa8
In base 11, what is 82 - 45a881a?
-45a8748
In base 10, what is 2694 + 6690?
9384
In base 2, what is -1001001000000101110000000110 - -1?
-1001001000000101110000000101
In base 4, what is 21131210 + -102033?
21023111
In base 4, what is -221331 - 101020030?
-101302021
In base 15, what is -8 + 27ce656?
27ce64d
In base 9, what is 32365 - -5521?
37886
In base 2, what is 11010111 - -10101010110011?
10101110001010
In base 10, what is 485 - -3773?
4258
In base 10, what is 23955912 - -2?
23955914
In base 4, what is 1312323031022 - -3?
1312323031031
In base 3, what is 101111012101 + 121112?
101111210220
In base 10, what is -5 + -23250624?
-23250629
In base 12, what is 1b1 - 7761?
-7570
In base 3, what is -110200112222 - -11110?
-110200101112
In base 11, what is -616 - 32439?
-32a54
In base 7, what is 5563 + 313010?
321603
In base 3, what is 1222000000002010 - 0?
1222000000002010
In base 10, what is 112 - 274528?
-274416
In base 5, what is -4 + -21341232243?
-21341232302
In base 15, what is -4 + 306209b?
3062097
In base 15, what is -43b0 + 2576?
-1d39
In base 5, what is 421342432331 - 2?
421342432324
In base 14, what is -3 + 6192164?
6192161
In base 4, what is -3001 - 310201012?
-310210013
In base 16, what is 1420 - -7bc?
1bdc
In base 7, what is 543102 + 23?
543125
In base 5, what is 3 + -122223233021?
-122223233013
In base 9, what is 148348713 - -4?
148348717
In base 9, what is -2000143268 + -3?
-2000143272
In base 15, what is 16e8b4d - 5?
16e8b48
In base 4, what is -12220330 + -103?
-12221033
In base 8, what is -156 - 27355230?
-27355406
In base 14, what is -322 - 13015?
-13337
In base 12, what is -161 + -194b76?
-195117
In base 13, what is -9bba967 + -1?
-9bba968
In base 3, what is 1201210 + 1101000?
10002210
In base 8, what is 23243 - 205635?
-162372
In base 12, what is -2b61a2b3 + -4?
-2b61a2b7
In base 4, what is -10 + -201111213320?
-201111213330
In base 2, what is 101 - 11000101101111101001011?
-11000101101111101000110
In base 12, what is -345 + -5642b?
-56774
In base 16, what is -5bbb9b - 5?
-5bbba0
In base 8, what is 74210 - -5462?
101672
In base 3, what is 2200010022112210 - 10?
2200010022112200
In base 6, what is -21 + 45213454?
45213433
In base 12, what is -2943 - -44b2?
176b
In base 16, what is -15e + -5fc11?
-5fd6f
In base 6, what is -23042054 - -302?
-23041352
In base 14, what is -4 - 4607650?
-4607654
In base 4, what is -11010011 - -2302033?
-2101312
In base 9, what is -2 + 73884546?
73884544
In base 3, what is -1010112000102 + -11?
-1010112000120
In base 10, what is 447719 - -5?
447724
In base 12, what is -5142 - -8941?
37bb
In base 14, what is 2ab9 + 33da?
60b5
In base 10, what is -1 + -4498753?
-4498754
In base 3, what is -11222021 - 120020201?
-202012222
In base 3, what is 121122001 - -11111000?
210010001
In base 8, what is -101647 - -1626?
-100021
In base 6, what is -4412011415 - 1?
-4412011420
In base 4, what is -22001001032 - 122?
-22001001220
In base 13, what is 6723 - -bb?
6811
In base 14, what is 9030b60 - 4?
9030b5a
In base 4, what is 120323021201 - 12?
120323021123
In base 2, what is -110110111 - 1110111001100?
-1111110000011
In base 16, what is 8bac8 + -1cd?
8b8fb
In base 5, what is 24213 + -1000443?
-421230
In base 16, what is 23 - a8251?
-a822e
In base 7, what is 246025 + -1310?
244415
In base 16, what is -35ac + 8c?
-3520
In base 4, what is -3332300110 + 0?
-3332300110
In base 8, what is 10401 + -4744?
3435
In base 6, what is -3211320413 - 24?
-3211320441
In base 2, what is -11111 + -1000000110010011011?
-1000000110010111010
In base 13, what is -16608 - 1?
-16609
In base 14, what is 1 - -921943?
921944
In base 13, what is 3272 - 6368?
-30c6
In base 16, what is 3213509 + -8?
3213501
In base 10, what is -148 + -3533812?
-3533960
In base 5, what is -22213004 + 4413?
-22203041
In base 4, what is 10102122 + -2123?
10033333
In base 5, what is 21001 - 203204?
-132203
In base 12, what is -1a32 - -46?
-19a8
In base 12, what is -8797b1 - -59?
-879754
In base 5, what is 14003002131 - -11?
14003002142
In base 6, what is -1 + 1143325253?
1143325252
In base 15, what is 8 + 7deed?
7e006
In base 12, what is -59a3 + 18944?
12b61
In base 3, what is -1200 - -1200012001?
1200010101
In base 7, what is -2224 + 1645?
-246
In base 11, what is -78277213 + -4?
-78277217
In base 15, what is -c65 + 1001?
28b
In base 10, what is -1936756 + -1?
-1936757
In base 8, what is 7110 - 14571?
-5461
In base 6, what is 52253435 + 1?
52253440
In base 3, what is 22200 - -1111020220?
1111120120
In base 3, what is -1012 + 12200000121101?
12200000120012
In base 14, what is -28b3 + 1db?
-26b6
In base 9, what is 11012357 + -3?
11012354
In base 9, what is 303480 - -133?
303623
In base 16, what is 28548 + -1d?
2852b
In base 8, what is -306 + -270171?
-270477
In base 4, what is -1100 + 213210200210?
213210133110
In base 11, what is -a - -16752789?
1675277a
In base 15, what is a2 + 36e41?
36ee3
In base 10, what is 3 + 1500669?
1500672
In base 11, what is -1834134a + -2?
-18341351
In base 7, what is -335 - -262031?
261363
In base 14, what is -2 - -376d035?
376d033
In base 10, what is -180509 - -29?
-180480
In base 14, what is -ac35492 - 2?
-ac35494
In base 9, what is 45451 - 2216?
43234
In base 16, what is 6b855 + -4?
6b851
In base 11, what is 1004 + 5a996?
6099a
In base 3, what is -2211 - -11102201102?
11102121121
In base 15, what is 1 + -95b1016?
-95b1015
In base 11, what is 497a98 - -3?
497aa0
In base 2, what is 11 - 10000000111010001101011?
-10000000111010001101000
In base 2, what is -10101110110000000101111 - 10?
-10101110110000000110001
In base 2, what is 110000010100011111010001010110 - 100?
110000010100011111010001010010
In base 11, what is 83a220 - 13?
83a208
In base 10, what is 9648041 - 1?
9648040
In base 4, what is 3130212223 - -1310?
3130220133
In base 3, what is -2021100021 - -102222?
-2020220022
In base 9, what is -4 - -3336731?
3336726
In base 6, what is 120 - 514351?
-514231
In base 13, what is b263 + -2a1?
ac92
In base 12, what is 5424 - a44?
45a0
In base 9, what is -347530 + 27?
-347502
In base 13, what is c7 + -253c?
-2445
In base 14, what is -ab145 + -c?
-ab153
In base 7, what is -1221026512 - -2?
-1221026510
In base 16, what is 762624 - -4?
762628
In base 2, what is 1000000100000000 + 10100100000111?
1010101000000111
In base 12, what is -9a24 + -2a7?
-a10b
In base 5, what is 3201302031 + -2?
3201302024
In base 8, what is 2577 + -101042?
-76243
In base 12, what is -1038bb436 - -4?
-1038bb432
In base 12, what is -2297b8 + 510?
-2292a8
In base 12, what is 7068b + -4aa?
701a1
In base 16, what is -13c1c6be + 5?
-13c1c6b9
In base 8, what is -2212 + -467736?
-472150
In ba